{"id":106554,"date":"2026-02-09T05:29:00","date_gmt":"2026-02-09T08:29:00","guid":{"rendered":"https:\/\/tuboxer.com\/tienda\/product\/boxer-hombre-microfibra-eyelit-4634\/"},"modified":"2026-03-14T10:32:29","modified_gmt":"2026-03-14T13:32:29","slug":"boxer-hombre-microfibra-eyelit-4634","status":"publish","type":"product","link":"https:\/\/tuboxer.com\/tienda\/product\/boxer-hombre-microfibra-eyelit-4634\/","title":{"rendered":"Boxer Hombre Microfibra Eyelit 4634"},"content":{"rendered":"<p>B\u00f3xer Seamless De Microfibra Eyelit 4634 .<br \/>\nDe calce anat\u00f3mico, su tejido fresco y de secado r\u00e1pido es ideal para realizar deportes. Se adapta c\u00f3modamente al cuerpo y al no tener costuras, no genera incomodidades.<br \/>\nEl el\u00e1stico puede variar.<\/p>\n<p>COLORES ALEATORIOS, POR PREFERENCIA DE COLORES PREGUNTAR SI HAY STOCK.<\/p>\n<p>Composici\u00f3n: 90% Poliamida &#8211; 10% Elastano.<\/p>\n<p>Los b\u00f3xer seamless se caracterizan por su elasticidad.\u00a0 Los b\u00f3xer son mas chicos debido a que son sin costura, al cuerpo. Se contempla el rebote de la prenda, es decir cuanto mas cede mas se ajusta el tama\u00f1o en las prendas.<\/p>\n<p>La equivalencia recomendada en la linea seamless es:<br \/>\nTalle 2\/S: 36 pantal\u00f3n<br \/>\nTalle 3\/M: 38 pantal\u00f3n<br \/>\nTalle 4\/L: 40\/42 pantal\u00f3n<br \/>\nTalle 5\/XL: 44\/46 pantal\u00f3n<br \/>\nTalle 6\/XXL: 48\/50 pantal\u00f3n <\/p>\n<p>Las Im\u00e1genes en la presente publicaci\u00f3n son a modo ilustrativo y corresponde s\u00f3lo al c\u00f3digo del art\u00edculo detallado en la descripci\u00f3n.<br \/>\nVenta directa de f\u00e1brica.<br \/>\nQueremos que tu experiencia sea la m\u00e1s placentera, es por esto, que estamos disponibles para responder todas tus consultas!<\/p>\n<p>TUBOXER<br \/>\nDISTRIBUIDOR OFICIAL EYELIT<\/p>\n","protected":false},"excerpt":{"rendered":"<p><strong>Regalable:<\/strong> vppfull<br \/><strong>Edad:<\/strong> Adultos<br \/><strong>Marca:<\/strong> Eyelit<br \/><strong>Composici\u00f3n:<\/strong> 10% elastano,90% poliamida<br \/><strong>G\u00e9nero filtrables:<\/strong> Hombre<\/p>\n","protected":false},"featured_media":16858,"template":"","meta":{"_uag_custom_page_level_css":"","iawp_total_views":1},"product_brand":[],"product_cat":[53],"product_tag":[],"class_list":{"0":"post-106554","1":"product","2":"type-product","3":"status-publish","4":"has-post-thumbnail","6":"product_cat-boxers-y-slips","8":"first","9":"instock","10":"taxable","11":"shipping-taxable","12":"purchasable","13":"product-type-variable"},"uagb_featured_image_src":{"full":["https:\/\/tuboxer.com\/tienda\/wp-content\/uploads\/2026\/01\/D_616025-MLA100121487778_122025-O-16.jpg",400,500,false],"thumbnail":["https:\/\/tuboxer.com\/tienda\/wp-content\/uploads\/2026\/01\/D_616025-MLA100121487778_122025-O-16-150x150.jpg",150,150,true],"medium":["https:\/\/tuboxer.com\/tienda\/wp-content\/uploads\/2026\/01\/D_616025-MLA100121487778_122025-O-16-240x300.jpg",240,300,true],"medium_large":["https:\/\/tuboxer.com\/tienda\/wp-content\/uploads\/2026\/01\/D_616025-MLA100121487778_122025-O-16.jpg",400,500,false],"large":["https:\/\/tuboxer.com\/tienda\/wp-content\/uploads\/2026\/01\/D_616025-MLA100121487778_122025-O-16.jpg",400,500,false],"1536x1536":["https:\/\/tuboxer.com\/tienda\/wp-content\/uploads\/2026\/01\/D_616025-MLA100121487778_122025-O-16.jpg",400,500,false],"2048x2048":["https:\/\/tuboxer.com\/tienda\/wp-content\/uploads\/2026\/01\/D_616025-MLA100121487778_122025-O-16.jpg",400,500,false],"woocommerce_thumbnail":["https:\/\/tuboxer.com\/tienda\/wp-content\/uploads\/2026\/01\/D_616025-MLA100121487778_122025-O-16-300x300.jpg",300,300,true],"woocommerce_single":["https:\/\/tuboxer.com\/tienda\/wp-content\/uploads\/2026\/01\/D_616025-MLA100121487778_122025-O-16.jpg",400,500,false],"woocommerce_gallery_thumbnail":["https:\/\/tuboxer.com\/tienda\/wp-content\/uploads\/2026\/01\/D_616025-MLA100121487778_122025-O-16-100x100.jpg",100,100,true]},"uagb_author_info":{"display_name":"Ayack","author_link":"https:\/\/tuboxer.com\/tienda\/author\/"},"uagb_comment_info":0,"uagb_excerpt":"Regalable: vppfullEdad: AdultosMarca: EyelitComposici\u00f3n: 10% elastano,90% poliamidaG\u00e9nero filtrables: Hombre","_links":{"self":[{"href":"https:\/\/tuboxer.com\/tienda\/wp-json\/wp\/v2\/product\/106554","targetHints":{"allow":["GET"]}}],"collection":[{"href":"https:\/\/tuboxer.com\/tienda\/wp-json\/wp\/v2\/product"}],"about":[{"href":"https:\/\/tuboxer.com\/tienda\/wp-json\/wp\/v2\/types\/product"}],"version-history":[{"count":0,"href":"https:\/\/tuboxer.com\/tienda\/wp-json\/wp\/v2\/product\/106554\/revisions"}],"wp:featuredmedia":[{"embeddable":true,"href":"https:\/\/tuboxer.com\/tienda\/wp-json\/wp\/v2\/media\/16858"}],"wp:attachment":[{"href":"https:\/\/tuboxer.com\/tienda\/wp-json\/wp\/v2\/media?parent=106554"}],"wp:term":[{"taxonomy":"product_brand","embeddable":true,"href":"https:\/\/tuboxer.com\/tienda\/wp-json\/wp\/v2\/product_brand?post=106554"},{"taxonomy":"product_cat","embeddable":true,"href":"https:\/\/tuboxer.com\/tienda\/wp-json\/wp\/v2\/product_cat?post=106554"},{"taxonomy":"product_tag","embeddable":true,"href":"https:\/\/tuboxer.com\/tienda\/wp-json\/wp\/v2\/product_tag?post=106554"}],"curies":[{"name":"wp","href":"https:\/\/api.w.org\/{rel}","templated":true}]}}